[INFO] cloning repository https://github.com/ivoelbert/tigerust
[INFO] running `Command { std: "git" "-c" "credential.helper=" "-c" "credential.helper=/workspace/cargo-home/bin/git-credential-null" "clone" "--bare" "https://github.com/ivoelbert/tigerust" "/workspace/cache/git-repos/https%3A%2F%2Fgithub.com%2Fivoelbert%2Ftigerust", kill_on_drop: false }`
[INFO] [stderr] Cloning into bare repository '/workspace/cache/git-repos/https%3A%2F%2Fgithub.com%2Fivoelbert%2Ftigerust'...
[INFO] running `Command { std: "git" "rev-parse" "HEAD", kill_on_drop: false }`
[INFO] [stdout] fecdca44a6969cb1e12466cdb394bcd4b54ab1f3
[INFO] building ivoelbert/tigerust against master#881c1ac408d93bb7adaa3a51dabab9266e82eee8 for issue-85264
[INFO] running `Command { std: "git" "clone" "/workspace/cache/git-repos/https%3A%2F%2Fgithub.com%2Fivoelbert%2Ftigerust" "/workspace/builds/worker-9/source", kill_on_drop: false }`
[INFO] [stderr] Cloning into '/workspace/builds/worker-9/source'...
[INFO] [stderr] done.
[INFO] validating manifest of git repo https://github.com/ivoelbert/tigerust on toolchain 881c1ac408d93bb7adaa3a51dabab9266e82eee8
[INFO] running `Command { std: "/workspace/cargo-home/bin/cargo" "+881c1ac408d93bb7adaa3a51dabab9266e82eee8" "metadata" "--manifest-path" "Cargo.toml" "--no-deps", kill_on_drop: false }`
[INFO] started tweaking git repo https://github.com/ivoelbert/tigerust
[INFO] finished tweaking git repo https://github.com/ivoelbert/tigerust
[INFO] tweaked toml for git repo https://github.com/ivoelbert/tigerust written to /workspace/builds/worker-9/source/Cargo.toml
[INFO] crate git repo https://github.com/ivoelbert/tigerust already has a lockfile, it will not be regenerated
[INFO] running `Command { std: "/workspace/cargo-home/bin/cargo" "+881c1ac408d93bb7adaa3a51dabab9266e82eee8" "fetch" "--manifest-path" "Cargo.toml", kill_on_drop: false }`
[INFO] [stderr]  Downloading crates ...
[INFO] [stderr]   Downloaded ascii-canvas v2.0.0
[INFO] [stderr]   Downloaded memory_units v0.4.0
[INFO] [stderr]   Downloaded wee_alloc v0.4.5
[INFO] [stderr]   Downloaded wasmparser v0.51.4
[INFO] [stderr]   Downloaded nanoid v0.2.0
[INFO] [stderr]   Downloaded ena v0.13.0
[INFO] [stderr]   Downloaded snowflake v1.3.0
[INFO] [stderr]   Downloaded wasm-bindgen v0.2.34
[INFO] [stderr]   Downloaded regex v1.2.0
[INFO] [stderr]   Downloaded pathfinding v1.1.12
[INFO] [stderr]   Downloaded console_error_panic_hook v0.1.5
[INFO] [stderr]   Downloaded js-sys v0.3.11
[INFO] [stderr]   Downloaded wasm-bindgen-macro-support v0.2.34
[INFO] [stderr]   Downloaded wasm-bindgen-backend v0.2.34
[INFO] [stderr]   Downloaded wasm-bindgen-futures v0.3.11
[INFO] [stderr]   Downloaded wasm-bindgen-shared v0.2.34
[INFO] [stderr]   Downloaded wasm-bindgen-test v0.2.34
[INFO] [stderr]   Downloaded lalrpop v0.17.1
[INFO] [stderr]   Downloaded lalrpop-util v0.17.1
[INFO] [stderr]   Downloaded regex-syntax v0.6.10
[INFO] [stderr]   Downloaded wasm-bindgen-macro v0.2.34
[INFO] [stderr]   Downloaded wasmprinter v0.2.3
[INFO] [stderr]   Downloaded wasm-bindgen-test-macro v0.2.34
[INFO] [stderr]   Downloaded backtrace-sys v0.1.29
[INFO] running `Command { std: "docker" "create" "-v" "/var/lib/crater-agent-workspace/builds/worker-9/target:/opt/rustwide/target:rw,Z" "-v" "/var/lib/crater-agent-workspace/builds/worker-9/source:/opt/rustwide/workdir:ro,Z" "-v" "/var/lib/crater-agent-workspace/cargo-home:/opt/rustwide/cargo-home:ro,Z" "-v" "/var/lib/crater-agent-workspace/rustup-home:/opt/rustwide/rustup-home:ro,Z" "-e" "SOURCE_DIR=/opt/rustwide/workdir" "-e" "CARGO_TARGET_DIR=/opt/rustwide/target" "-e" "CARGO_HOME=/opt/rustwide/cargo-home" "-e" "RUSTUP_HOME=/opt/rustwide/rustup-home" "-w" "/opt/rustwide/workdir" "-m" "1610612736" "--user" "0:0" "--network" "none" "ghcr.io/rust-lang/crates-build-env/linux@sha256:20528e8c29e4536546f0102ce88568b16ea7538393a33fcca951030f7af10457" "/opt/rustwide/cargo-home/bin/cargo" "+881c1ac408d93bb7adaa3a51dabab9266e82eee8" "metadata" "--no-deps" "--format-version=1", kill_on_drop: false }`
[INFO] [stdout] 014027f6344c6b2f5ca5d906c32c8800a84545244dc5f01c95327a9ffdb31118
[INFO] [stderr] WARNING: Your kernel does not support swap limit capabilities or the cgroup is not mounted. Memory limited without swap.
[INFO] running `Command { std: "docker" "start" "-a" "014027f6344c6b2f5ca5d906c32c8800a84545244dc5f01c95327a9ffdb31118", kill_on_drop: false }`
[INFO] running `Command { std: "docker" "inspect" "014027f6344c6b2f5ca5d906c32c8800a84545244dc5f01c95327a9ffdb31118", kill_on_drop: false }`
[INFO] running `Command { std: "docker" "rm" "-f" "014027f6344c6b2f5ca5d906c32c8800a84545244dc5f01c95327a9ffdb31118", kill_on_drop: false }`
[INFO] [stdout] 014027f6344c6b2f5ca5d906c32c8800a84545244dc5f01c95327a9ffdb31118
[INFO] running `Command { std: "docker" "create" "-v" "/var/lib/crater-agent-workspace/builds/worker-9/target:/opt/rustwide/target:rw,Z" "-v" "/var/lib/crater-agent-workspace/builds/worker-9/source:/opt/rustwide/workdir:ro,Z" "-v" "/var/lib/crater-agent-workspace/cargo-home:/opt/rustwide/cargo-home:ro,Z" "-v" "/var/lib/crater-agent-workspace/rustup-home:/opt/rustwide/rustup-home:ro,Z" "-e" "SOURCE_DIR=/opt/rustwide/workdir" "-e" "CARGO_TARGET_DIR=/opt/rustwide/target" "-e" "CARGO_INCREMENTAL=0" "-e" "RUST_BACKTRACE=full" "-e" "RUSTFLAGS=--cap-lints=forbid" "-e" "CARGO_HOME=/opt/rustwide/cargo-home" "-e" "RUSTUP_HOME=/opt/rustwide/rustup-home" "-w" "/opt/rustwide/workdir" "-m" "1610612736" "--user" "0:0" "--network" "none" "ghcr.io/rust-lang/crates-build-env/linux@sha256:20528e8c29e4536546f0102ce88568b16ea7538393a33fcca951030f7af10457" "/opt/rustwide/cargo-home/bin/cargo" "+881c1ac408d93bb7adaa3a51dabab9266e82eee8" "build" "--frozen" "--message-format=json", kill_on_drop: false }`
[INFO] [stdout] 6d7fc51192a28f4156ba5f8231f45fecc1ac6599cbcb2de265a8b956b6891061
[INFO] [stderr] WARNING: Your kernel does not support swap limit capabilities or the cgroup is not mounted. Memory limited without swap.
[INFO] running `Command { std: "docker" "start" "-a" "6d7fc51192a28f4156ba5f8231f45fecc1ac6599cbcb2de265a8b956b6891061", kill_on_drop: false }`
[INFO] [stderr]    Compiling proc-macro2 v0.4.30
[INFO] [stderr]    Compiling unicode-xid v0.1.0
[INFO] [stderr]    Compiling syn v0.15.39
[INFO] [stderr]    Compiling rand_core v0.4.0
[INFO] [stderr]    Compiling autocfg v0.1.4
[INFO] [stderr]    Compiling cfg-if v0.1.9
[INFO] [stderr]    Compiling serde v1.0.94
[INFO] [stderr]    Compiling byteorder v1.3.2
[INFO] [stderr]    Compiling memchr v2.2.1
[INFO] [stderr]    Compiling wasm-bindgen-shared v0.2.34
[INFO] [stderr]    Compiling ucd-util v0.1.5
[INFO] [stderr]    Compiling utf8-ranges v1.0.3
[INFO] [stderr]    Compiling ryu v1.0.2
[INFO] [stderr]    Compiling fixedbitset v0.1.9
[INFO] [stderr]    Compiling either v1.5.2
[INFO] [stderr]    Compiling strsim v0.9.2
[INFO] [stderr]    Compiling new_debug_unreachable v1.0.3
[INFO] [stderr]    Compiling wasm-bindgen v0.2.34
[INFO] [stderr]    Compiling autocfg v1.0.0
[INFO] [stderr]    Compiling itoa v0.4.4
[INFO] [stderr]    Compiling ppv-lite86 v0.2.6
[INFO] [stderr]    Compiling lalrpop-util v0.17.1
[INFO] [stderr]    Compiling bitflags v1.1.0
[INFO] [stderr]    Compiling diff v0.1.11
[INFO] [stderr]    Compiling unicode-width v0.1.7
[INFO] [stderr]    Compiling ansi_term v0.11.0
[INFO] [stderr]    Compiling wasmparser v0.51.4
[INFO] [stderr]    Compiling vec_map v0.8.2
[INFO] [stderr]    Compiling strsim v0.8.0
[INFO] [stderr]    Compiling parity-wasm v0.41.0
[INFO] [stderr]    Compiling block-padding v0.1.4
[INFO] [stderr]    Compiling log v0.4.6
[INFO] [stderr]    Compiling itertools v0.8.0
[INFO] [stderr]    Compiling rand_core v0.3.1
[INFO] [stderr]    Compiling rand_jitter v0.1.4
[INFO] [stderr]    Compiling petgraph v0.4.13
[INFO] [stderr]    Compiling regex-syntax v0.6.10
[INFO] [stderr]    Compiling textwrap v0.11.0
[INFO] [stderr]    Compiling rand_chacha v0.1.1
[INFO] [stderr]    Compiling rand_pcg v0.1.2
[INFO] [stderr]    Compiling rand v0.6.5
[INFO] [stderr]    Compiling rand_hc v0.1.0
[INFO] [stderr]    Compiling rand_xorshift v0.1.1
[INFO] [stderr]    Compiling rand_isaac v0.1.1
[INFO] [stderr]    Compiling ena v0.13.0
[INFO] [stderr]    Compiling rand_os v0.1.3
[INFO] [stderr]    Compiling dirs v1.0.5
[INFO] [stderr]    Compiling getrandom v0.1.14
[INFO] [stderr]    Compiling atty v0.2.11
[INFO] [stderr]    Compiling rand v0.4.6
[INFO] [stderr]    Compiling generic-array v0.12.3
[INFO] [stderr]    Compiling num-traits v0.2.11
[INFO] [stderr]    Compiling rand_core v0.5.1
[INFO] [stderr]    Compiling clap v2.33.1
[INFO] [stderr]    Compiling digest v0.8.0
[INFO] [stderr]    Compiling block-buffer v0.7.3
[INFO] [stderr]    Compiling term v0.5.2
[INFO] [stderr]    Compiling aho-corasick v0.7.4
[INFO] [stderr]    Compiling rand_chacha v0.2.2
[INFO] [stderr]    Compiling sha2 v0.8.0
[INFO] [stderr]    Compiling quote v0.6.12
[INFO] [stderr]    Compiling nanoid v0.2.0
[INFO] [stderr]    Compiling rand v0.7.3
[INFO] [stderr]    Compiling ascii-canvas v2.0.0
[INFO] [stderr]    Compiling wasmprinter v0.2.3
[INFO] [stderr]    Compiling pathfinding v1.1.12
[INFO] [stderr]    Compiling phf_generator v0.7.24
[INFO] [stderr]    Compiling string_cache_codegen v0.4.2
[INFO] [stderr]    Compiling regex v1.2.0
[INFO] [stderr]    Compiling string_cache v0.7.3
[INFO] [stderr]    Compiling wasm-bindgen-backend v0.2.34
[INFO] [stderr]    Compiling wasm-bindgen-macro-support v0.2.34
[INFO] [stderr]    Compiling serde_derive v1.0.94
[INFO] [stderr]    Compiling wasm-bindgen-macro v0.2.34
[INFO] [stderr]    Compiling docopt v1.1.0
[INFO] [stderr]    Compiling serde_json v1.0.42
[INFO] [stderr]    Compiling uuid v0.8.1
[INFO] [stderr]    Compiling snowflake v1.3.0
[INFO] [stderr]    Compiling lalrpop v0.17.1
[INFO] [stderr]    Compiling console_error_panic_hook v0.1.5
[INFO] [stderr]    Compiling hector v0.1.0 (/opt/rustwide/workdir)
[INFO] [stderr]     Finished dev [unoptimized + debuginfo] target(s) in 3m 16s
[INFO] running `Command { std: "docker" "inspect" "6d7fc51192a28f4156ba5f8231f45fecc1ac6599cbcb2de265a8b956b6891061", kill_on_drop: false }`
[INFO] running `Command { std: "docker" "rm" "-f" "6d7fc51192a28f4156ba5f8231f45fecc1ac6599cbcb2de265a8b956b6891061", kill_on_drop: false }`
[INFO] [stdout] 6d7fc51192a28f4156ba5f8231f45fecc1ac6599cbcb2de265a8b956b6891061
[INFO] running `Command { std: "docker" "create" "-v" "/var/lib/crater-agent-workspace/builds/worker-9/target:/opt/rustwide/target:rw,Z" "-v" "/var/lib/crater-agent-workspace/builds/worker-9/source:/opt/rustwide/workdir:ro,Z" "-v" "/var/lib/crater-agent-workspace/cargo-home:/opt/rustwide/cargo-home:ro,Z" "-v" "/var/lib/crater-agent-workspace/rustup-home:/opt/rustwide/rustup-home:ro,Z" "-e" "SOURCE_DIR=/opt/rustwide/workdir" "-e" "CARGO_TARGET_DIR=/opt/rustwide/target" "-e" "CARGO_INCREMENTAL=0" "-e" "RUST_BACKTRACE=full" "-e" "RUSTFLAGS=--cap-lints=forbid" "-e" "CARGO_HOME=/opt/rustwide/cargo-home" "-e" "RUSTUP_HOME=/opt/rustwide/rustup-home" "-w" "/opt/rustwide/workdir" "-m" "1610612736" "--user" "0:0" "--network" "none" "ghcr.io/rust-lang/crates-build-env/linux@sha256:20528e8c29e4536546f0102ce88568b16ea7538393a33fcca951030f7af10457" "/opt/rustwide/cargo-home/bin/cargo" "+881c1ac408d93bb7adaa3a51dabab9266e82eee8" "test" "--frozen" "--no-run" "--message-format=json", kill_on_drop: false }`
[INFO] [stdout] 6a6d417d39052eb7cc9782ffa90260f18cdbbc4ed68048da31f327a96745d1be
[INFO] [stderr] WARNING: Your kernel does not support swap limit capabilities or the cgroup is not mounted. Memory limited without swap.
[INFO] running `Command { std: "docker" "start" "-a" "6a6d417d39052eb7cc9782ffa90260f18cdbbc4ed68048da31f327a96745d1be", kill_on_drop: false }`
[INFO] [stderr]    Compiling futures v0.1.29
[INFO] [stderr]    Compiling memory_units v0.3.0
[INFO] [stderr]    Compiling num-integer v0.1.42
[INFO] [stderr]    Compiling num-bigint v0.2.6
[INFO] [stderr]    Compiling num-rational v0.2.4
[INFO] [stderr]    Compiling wasmi-validation v0.3.0
[INFO] [stderr]    Compiling wasm-bindgen-test-macro v0.2.34
[INFO] [stderr]    Compiling js-sys v0.3.11
[INFO] [stderr]    Compiling wasm-bindgen-futures v0.3.11
[INFO] [stderr]    Compiling wasmi v0.6.2
[INFO] [stderr]    Compiling wasm-bindgen-test v0.2.34
[INFO] [stderr]    Compiling hector v0.1.0 (/opt/rustwide/workdir)
[INFO] [stderr] error: could not compile `hector`
[INFO] [stderr] 
[INFO] [stderr] Caused by:
[INFO] [stderr]   process didn't exit successfully: `rustc --crate-name hector --edition=2018 src/lib.rs --error-format=json --json=diagnostic-rendered-ansi --emit=dep-info,link -C embed-bitcode=no -C debuginfo=2 --test --cfg 'feature="console_error_panic_hook"' --cfg 'feature="default"' -C metadata=5a6b089d879f1a94 -C extra-filename=-5a6b089d879f1a94 --out-dir /opt/rustwide/target/debug/deps -L dependency=/opt/rustwide/target/debug/deps --extern clap=/opt/rustwide/target/debug/deps/libclap-f547e20bc18d5da3.rlib --extern console_error_panic_hook=/opt/rustwide/target/debug/deps/libconsole_error_panic_hook-af56f33c4d992f6a.rlib --extern lalrpop_util=/opt/rustwide/target/debug/deps/liblalrpop_util-bc968346e92c1c67.rlib --extern lazy_static=/opt/rustwide/target/debug/deps/liblazy_static-ff2d4c059a61c830.rlib --extern nanoid=/opt/rustwide/target/debug/deps/libnanoid-a9604551373ffd6c.rlib --extern parity_wasm=/opt/rustwide/target/debug/deps/libparity_wasm-be87617a9bcb469d.rlib --extern pathfinding=/opt/rustwide/target/debug/deps/libpathfinding-f334c78218dc1bfc.rlib --extern regex=/opt/rustwide/target/debug/deps/libregex-40f855512daddcae.rlib --extern serde=/opt/rustwide/target/debug/deps/libserde-4f15d688ea73dd12.rlib --extern serde_derive=/opt/rustwide/target/debug/deps/libserde_derive-01fd1a721bb61c9d.so --extern serde_json=/opt/rustwide/target/debug/deps/libserde_json-6425b41e8cec00c3.rlib --extern snowflake=/opt/rustwide/target/debug/deps/libsnowflake-52a6e78e8158adcc.rlib --extern uuid=/opt/rustwide/target/debug/deps/libuuid-9575705c039388b5.rlib --extern wasm_bindgen=/opt/rustwide/target/debug/deps/libwasm_bindgen-2423f111b3ba124f.rlib --extern wasm_bindgen_test=/opt/rustwide/target/debug/deps/libwasm_bindgen_test-558cba969807f7c8.rlib --extern wasmi=/opt/rustwide/target/debug/deps/libwasmi-f11ff2f0513d3ea4.rlib --extern wasmprinter=/opt/rustwide/target/debug/deps/libwasmprinter-4f8faa1d81df67cf.rlib --cap-lints=forbid` (signal: 9, SIGKILL: kill)
[INFO] [stderr] warning: build failed, waiting for other jobs to finish...
[INFO] [stdout] error: linking with `cc` failed: exit status: 1
[INFO] [stdout]   |
[INFO] [stdout]   = note: "cc" "-m64" "-Wl,--eh-frame-hdr" "-Wl,-znoexecstack" "-Wl,--as-needed" "-L" "/opt/rustwide/rustup-home/toolchains/881c1ac408d93bb7adaa3a51dabab9266e82eee8/lib/rustlib/x86_64-unknown-linux-gnu/lib" "/opt/rustwide/target/debug/examples/unary-3f9ecc3c40b9a17a.unary.2zwdigwm-cgu.0.rcgu.o" "/opt/rustwide/target/debug/examples/unary-3f9ecc3c40b9a17a.unary.2zwdigwm-cgu.1.rcgu.o" "/opt/rustwide/target/debug/examples/unary-3f9ecc3c40b9a17a.unary.2zwdigwm-cgu.10.rcgu.o" "/opt/rustwide/target/debug/examples/unary-3f9ecc3c40b9a17a.unary.2zwdigwm-cgu.11.rcgu.o" "/opt/rustwide/target/debug/examples/unary-3f9ecc3c40b9a17a.unary.2zwdigwm-cgu.12.rcgu.o" "/opt/rustwide/target/debug/examples/unary-3f9ecc3c40b9a17a.unary.2zwdigwm-cgu.13.rcgu.o" "/opt/rustwide/target/debug/examples/unary-3f9ecc3c40b9a17a.unary.2zwdigwm-cgu.14.rcgu.o" "/opt/rustwide/target/debug/examples/unary-3f9ecc3c40b9a17a.unary.2zwdigwm-cgu.2.rcgu.o" "/opt/rustwide/target/debug/examples/unary-3f9ecc3c40b9a17a.unary.2zwdigwm-cgu.3.rcgu.o" "/opt/rustwide/target/debug/examples/unary-3f9ecc3c40b9a17a.unary.2zwdigwm-cgu.4.rcgu.o" "/opt/rustwide/target/debug/examples/unary-3f9ecc3c40b9a17a.unary.2zwdigwm-cgu.5.rcgu.o" "/opt/rustwide/target/debug/examples/unary-3f9ecc3c40b9a17a.unary.2zwdigwm-cgu.6.rcgu.o" "/opt/rustwide/target/debug/examples/unary-3f9ecc3c40b9a17a.unary.2zwdigwm-cgu.7.rcgu.o" "/opt/rustwide/target/debug/examples/unary-3f9ecc3c40b9a17a.unary.2zwdigwm-cgu.8.rcgu.o" "/opt/rustwide/target/debug/examples/unary-3f9ecc3c40b9a17a.unary.2zwdigwm-cgu.9.rcgu.o" "-o" "/opt/rustwide/target/debug/examples/unary-3f9ecc3c40b9a17a" "/opt/rustwide/target/debug/examples/unary-3f9ecc3c40b9a17a.vdz2w1sqp3vqo5n.rcgu.o" "-Wl,--gc-sections" "-pie" "-Wl,-zrelro" "-Wl,-znow" "-nodefaultlibs" "-L" "/opt/rustwide/target/debug/deps" "-L" "/opt/rustwide/rustup-home/toolchains/881c1ac408d93bb7adaa3a51dabab9266e82eee8/lib/rustlib/x86_64-unknown-linux-gnu/lib" "-Wl,-Bstatic" "/opt/rustwide/target/debug/deps/libhector.rlib" "/opt/rustwide/target/debug/deps/libconsole_error_panic_hook-af56f33c4d992f6a.rlib" "/opt/rustwide/target/debug/deps/libpathfinding-f334c78218dc1bfc.rlib" "/opt/rustwide/target/debug/deps/libfixedbitset-71f2c5ee7f43620d.rlib" "/opt/rustwide/target/debug/deps/libitertools-87bef194b432f1fd.rlib" "/opt/rustwide/target/debug/deps/libeither-7ed71728846acc2d.rlib" "/opt/rustwide/target/debug/deps/libindexmap-7554f775129d0a0f.rlib" "/opt/rustwide/target/debug/deps/libnum_traits-3fb8dddf4a8ddd77.rlib" "/opt/rustwide/target/debug/deps/libregex-40f855512daddcae.rlib" "/opt/rustwide/target/debug/deps/libutf8_ranges-19005a733ec79545.rlib" "/opt/rustwide/target/debug/deps/libregex_syntax-017c259999a32c81.rlib" "/opt/rustwide/target/debug/deps/libucd_util-60248b74ef7374ef.rlib" "/opt/rustwide/target/debug/deps/libthread_local-79467375a3998bbe.rlib" "/opt/rustwide/target/debug/deps/libaho_corasick-61715aa79e62786c.rlib" "/opt/rustwide/target/debug/deps/libmemchr-ebf76c201dfb6dd9.rlib" "/opt/rustwide/target/debug/deps/liblalrpop_util-bc968346e92c1c67.rlib" "/opt/rustwide/target/debug/deps/libwasm_bindgen-2423f111b3ba124f.rlib" "/opt/rustwide/target/debug/deps/libserde_json-6425b41e8cec00c3.rlib" "/opt/rustwide/target/debug/deps/libryu-4800338ae083806a.rlib" "/opt/rustwide/target/debug/deps/libitoa-41a628b5753c6512.rlib" "/opt/rustwide/target/debug/deps/liblazy_static-ff2d4c059a61c830.rlib" "/opt/rustwide/target/debug/deps/libwasmprinter-4f8faa1d81df67cf.rlib" "/opt/rustwide/target/debug/deps/libwasmparser-5aafc9867d152df6.rlib" "/opt/rustwide/target/debug/deps/libanyhow-605b25c30fb51eb5.rlib" "/opt/rustwide/target/debug/deps/libparity_wasm-be87617a9bcb469d.rlib" "/opt/rustwide/target/debug/deps/libuuid-9575705c039388b5.rlib" "/opt/rustwide/target/debug/deps/librand-2d3611376ef2a45c.rlib" "/opt/rustwide/target/debug/deps/librand_chacha-1daf0f426f06cf63.rlib" "/opt/rustwide/target/debug/deps/libppv_lite86-b3fed04289ecdc38.rlib" "/opt/rustwide/target/debug/deps/librand_core-f982d4dbe3eb03a1.rlib" "/opt/rustwide/target/debug/deps/libgetrandom-598475474991b399.rlib" "/opt/rustwide/target/debug/deps/liblibc-e3098597c95e6155.rlib" "/opt/rustwide/target/debug/deps/libcfg_if-624775febb963c4d.rlib" "/opt/rustwide/target/debug/deps/libsnowflake-52a6e78e8158adcc.rlib" "/opt/rustwide/target/debug/deps/libserde-4f15d688ea73dd12.rlib" "-Wl,--start-group" "/opt/rustwide/rustup-home/toolchains/881c1ac408d93bb7adaa3a51dabab9266e82eee8/lib/rustlib/x86_64-unknown-linux-gnu/lib/libstd-c6dddd3d354e6bea.rlib" "/opt/rustwide/rustup-home/toolchains/881c1ac408d93bb7adaa3a51dabab9266e82eee8/lib/rustlib/x86_64-unknown-linux-gnu/lib/libpanic_unwind-c2ca47afdcc5e309.rlib" "/opt/rustwide/rustup-home/toolchains/881c1ac408d93bb7adaa3a51dabab9266e82eee8/lib/rustlib/x86_64-unknown-linux-gnu/lib/libminiz_oxide-b47be2942017e108.rlib" "/opt/rustwide/rustup-home/toolchains/881c1ac408d93bb7adaa3a51dabab9266e82eee8/lib/rustlib/x86_64-unknown-linux-gnu/lib/libadler-20a1e49116ab0df9.rlib" "/opt/rustwide/rustup-home/toolchains/881c1ac408d93bb7adaa3a51dabab9266e82eee8/lib/rustlib/x86_64-unknown-linux-gnu/lib/libobject-25e09d9868291683.rlib" "/opt/rustwide/rustup-home/toolchains/881c1ac408d93bb7adaa3a51dabab9266e82eee8/lib/rustlib/x86_64-unknown-linux-gnu/lib/libaddr2line-9c99fb6e5ca5159e.rlib" "/opt/rustwide/rustup-home/toolchains/881c1ac408d93bb7adaa3a51dabab9266e82eee8/lib/rustlib/x86_64-unknown-linux-gnu/lib/libgimli-85040d7563599960.rlib" "/opt/rustwide/rustup-home/toolchains/881c1ac408d93bb7adaa3a51dabab9266e82eee8/lib/rustlib/x86_64-unknown-linux-gnu/lib/libstd_detect-0e4f7587da8acf20.rlib" "/opt/rustwide/rustup-home/toolchains/881c1ac408d93bb7adaa3a51dabab9266e82eee8/lib/rustlib/x86_64-unknown-linux-gnu/lib/librustc_demangle-7be0a6711ed15b5c.rlib" "/opt/rustwide/rustup-home/toolchains/881c1ac408d93bb7adaa3a51dabab9266e82eee8/lib/rustlib/x86_64-unknown-linux-gnu/lib/libhashbrown-00672fabc4ff9c9d.rlib" "/opt/rustwide/rustup-home/toolchains/881c1ac408d93bb7adaa3a51dabab9266e82eee8/lib/rustlib/x86_64-unknown-linux-gnu/lib/librustc_std_workspace_alloc-72fe231ef0473d15.rlib" "/opt/rustwide/rustup-home/toolchains/881c1ac408d93bb7adaa3a51dabab9266e82eee8/lib/rustlib/x86_64-unknown-linux-gnu/lib/libunwind-019d54ecc304b655.rlib" "/opt/rustwide/rustup-home/toolchains/881c1ac408d93bb7adaa3a51dabab9266e82eee8/lib/rustlib/x86_64-unknown-linux-gnu/lib/libcfg_if-cc7d9343e4f608be.rlib" "/opt/rustwide/rustup-home/toolchains/881c1ac408d93bb7adaa3a51dabab9266e82eee8/lib/rustlib/x86_64-unknown-linux-gnu/lib/liblibc-e41c6d24baeb2249.rlib" "/opt/rustwide/rustup-home/toolchains/881c1ac408d93bb7adaa3a51dabab9266e82eee8/lib/rustlib/x86_64-unknown-linux-gnu/lib/liballoc-9849bb0fbad7f0f5.rlib" "/opt/rustwide/rustup-home/toolchains/881c1ac408d93bb7adaa3a51dabab9266e82eee8/lib/rustlib/x86_64-unknown-linux-gnu/lib/librustc_std_workspace_core-a1fd7734706d5518.rlib" "/opt/rustwide/rustup-home/toolchains/881c1ac408d93bb7adaa3a51dabab9266e82eee8/lib/rustlib/x86_64-unknown-linux-gnu/lib/libcore-c8ded1707ad10767.rlib" "-Wl,--end-group" "/opt/rustwide/rustup-home/toolchains/881c1ac408d93bb7adaa3a51dabab9266e82eee8/lib/rustlib/x86_64-unknown-linux-gnu/lib/libcompiler_builtins-8b33f9cbbc9652fe.rlib" "-Wl,-Bdynamic" "-lutil" "-ldl" "-lutil" "-lgcc_s" "-lutil" "-lrt" "-lpthread" "-lm" "-ldl" "-lc"
[INFO] [stdout]   = note: collect2: fatal error: ld terminated with signal 9 [Killed]
[INFO] [stdout]           compilation terminated.
[INFO] [stdout]           
[INFO] [stdout] 
[INFO] [stdout] 
[INFO] [stdout] error: aborting due to previous error
[INFO] [stdout] 
[INFO] [stdout] 
[INFO] [stdout] error: linking with `cc` failed: exit status: 1
[INFO] [stdout]   |
[INFO] [stdout]   = note: "cc" "-m64" "-Wl,--eh-frame-hdr" "-Wl,-znoexecstack" "-Wl,--as-needed" "-L" "/opt/rustwide/rustup-home/toolchains/881c1ac408d93bb7adaa3a51dabab9266e82eee8/lib/rustlib/x86_64-unknown-linux-gnu/lib" "/opt/rustwide/target/debug/examples/string-da6b0422d3113b59.string.9oc4mtgo-cgu.0.rcgu.o" "/opt/rustwide/target/debug/examples/string-da6b0422d3113b59.string.9oc4mtgo-cgu.1.rcgu.o" "/opt/rustwide/target/debug/examples/string-da6b0422d3113b59.string.9oc4mtgo-cgu.2.rcgu.o" "/opt/rustwide/target/debug/examples/string-da6b0422d3113b59.string.9oc4mtgo-cgu.3.rcgu.o" "/opt/rustwide/target/debug/examples/string-da6b0422d3113b59.string.9oc4mtgo-cgu.4.rcgu.o" "/opt/rustwide/target/debug/examples/string-da6b0422d3113b59.string.9oc4mtgo-cgu.5.rcgu.o" "/opt/rustwide/target/debug/examples/string-da6b0422d3113b59.string.9oc4mtgo-cgu.6.rcgu.o" "-o" "/opt/rustwide/target/debug/examples/string-da6b0422d3113b59" "/opt/rustwide/target/debug/examples/string-da6b0422d3113b59.4ohjuhowc089hdyd.rcgu.o" "-Wl,--gc-sections" "-pie" "-Wl,-zrelro" "-Wl,-znow" "-nodefaultlibs" "-L" "/opt/rustwide/target/debug/deps" "-L" "/opt/rustwide/rustup-home/toolchains/881c1ac408d93bb7adaa3a51dabab9266e82eee8/lib/rustlib/x86_64-unknown-linux-gnu/lib" "-Wl,-Bstatic" "/opt/rustwide/target/debug/deps/libhector.rlib" "/opt/rustwide/target/debug/deps/libconsole_error_panic_hook-af56f33c4d992f6a.rlib" "/opt/rustwide/target/debug/deps/libpathfinding-f334c78218dc1bfc.rlib" "/opt/rustwide/target/debug/deps/libfixedbitset-71f2c5ee7f43620d.rlib" "/opt/rustwide/target/debug/deps/libitertools-87bef194b432f1fd.rlib" "/opt/rustwide/target/debug/deps/libeither-7ed71728846acc2d.rlib" "/opt/rustwide/target/debug/deps/libindexmap-7554f775129d0a0f.rlib" "/opt/rustwide/target/debug/deps/libnum_traits-3fb8dddf4a8ddd77.rlib" "/opt/rustwide/target/debug/deps/libregex-40f855512daddcae.rlib" "/opt/rustwide/target/debug/deps/libutf8_ranges-19005a733ec79545.rlib" "/opt/rustwide/target/debug/deps/libregex_syntax-017c259999a32c81.rlib" "/opt/rustwide/target/debug/deps/libucd_util-60248b74ef7374ef.rlib" "/opt/rustwide/target/debug/deps/libthread_local-79467375a3998bbe.rlib" "/opt/rustwide/target/debug/deps/libaho_corasick-61715aa79e62786c.rlib" "/opt/rustwide/target/debug/deps/libmemchr-ebf76c201dfb6dd9.rlib" "/opt/rustwide/target/debug/deps/liblalrpop_util-bc968346e92c1c67.rlib" "/opt/rustwide/target/debug/deps/libwasm_bindgen-2423f111b3ba124f.rlib" "/opt/rustwide/target/debug/deps/libserde_json-6425b41e8cec00c3.rlib" "/opt/rustwide/target/debug/deps/libryu-4800338ae083806a.rlib" "/opt/rustwide/target/debug/deps/libitoa-41a628b5753c6512.rlib" "/opt/rustwide/target/debug/deps/liblazy_static-ff2d4c059a61c830.rlib" "/opt/rustwide/target/debug/deps/libwasmprinter-4f8faa1d81df67cf.rlib" "/opt/rustwide/target/debug/deps/libwasmparser-5aafc9867d152df6.rlib" "/opt/rustwide/target/debug/deps/libanyhow-605b25c30fb51eb5.rlib" "/opt/rustwide/target/debug/deps/libparity_wasm-be87617a9bcb469d.rlib" "/opt/rustwide/target/debug/deps/libuuid-9575705c039388b5.rlib" "/opt/rustwide/target/debug/deps/librand-2d3611376ef2a45c.rlib" "/opt/rustwide/target/debug/deps/librand_chacha-1daf0f426f06cf63.rlib" "/opt/rustwide/target/debug/deps/libppv_lite86-b3fed04289ecdc38.rlib" "/opt/rustwide/target/debug/deps/librand_core-f982d4dbe3eb03a1.rlib" "/opt/rustwide/target/debug/deps/libgetrandom-598475474991b399.rlib" "/opt/rustwide/target/debug/deps/liblibc-e3098597c95e6155.rlib" "/opt/rustwide/target/debug/deps/libcfg_if-624775febb963c4d.rlib" "/opt/rustwide/target/debug/deps/libsnowflake-52a6e78e8158adcc.rlib" "/opt/rustwide/target/debug/deps/libserde-4f15d688ea73dd12.rlib" "-Wl,--start-group" "/opt/rustwide/rustup-home/toolchains/881c1ac408d93bb7adaa3a51dabab9266e82eee8/lib/rustlib/x86_64-unknown-linux-gnu/lib/libstd-c6dddd3d354e6bea.rlib" "/opt/rustwide/rustup-home/toolchains/881c1ac408d93bb7adaa3a51dabab9266e82eee8/lib/rustlib/x86_64-unknown-linux-gnu/lib/libpanic_unwind-c2ca47afdcc5e309.rlib" "/opt/rustwide/rustup-home/toolchains/881c1ac408d93bb7adaa3a51dabab9266e82eee8/lib/rustlib/x86_64-unknown-linux-gnu/lib/libminiz_oxide-b47be2942017e108.rlib" "/opt/rustwide/rustup-home/toolchains/881c1ac408d93bb7adaa3a51dabab9266e82eee8/lib/rustlib/x86_64-unknown-linux-gnu/lib/libadler-20a1e49116ab0df9.rlib" "/opt/rustwide/rustup-home/toolchains/881c1ac408d93bb7adaa3a51dabab9266e82eee8/lib/rustlib/x86_64-unknown-linux-gnu/lib/libobject-25e09d9868291683.rlib" "/opt/rustwide/rustup-home/toolchains/881c1ac408d93bb7adaa3a51dabab9266e82eee8/lib/rustlib/x86_64-unknown-linux-gnu/lib/libaddr2line-9c99fb6e5ca5159e.rlib" "/opt/rustwide/rustup-home/toolchains/881c1ac408d93bb7adaa3a51dabab9266e82eee8/lib/rustlib/x86_64-unknown-linux-gnu/lib/libgimli-85040d7563599960.rlib" "/opt/rustwide/rustup-home/toolchains/881c1ac408d93bb7adaa3a51dabab9266e82eee8/lib/rustlib/x86_64-unknown-linux-gnu/lib/libstd_detect-0e4f7587da8acf20.rlib" "/opt/rustwide/rustup-home/toolchains/881c1ac408d93bb7adaa3a51dabab9266e82eee8/lib/rustlib/x86_64-unknown-linux-gnu/lib/librustc_demangle-7be0a6711ed15b5c.rlib" "/opt/rustwide/rustup-home/toolchains/881c1ac408d93bb7adaa3a51dabab9266e82eee8/lib/rustlib/x86_64-unknown-linux-gnu/lib/libhashbrown-00672fabc4ff9c9d.rlib" "/opt/rustwide/rustup-home/toolchains/881c1ac408d93bb7adaa3a51dabab9266e82eee8/lib/rustlib/x86_64-unknown-linux-gnu/lib/librustc_std_workspace_alloc-72fe231ef0473d15.rlib" "/opt/rustwide/rustup-home/toolchains/881c1ac408d93bb7adaa3a51dabab9266e82eee8/lib/rustlib/x86_64-unknown-linux-gnu/lib/libunwind-019d54ecc304b655.rlib" "/opt/rustwide/rustup-home/toolchains/881c1ac408d93bb7adaa3a51dabab9266e82eee8/lib/rustlib/x86_64-unknown-linux-gnu/lib/libcfg_if-cc7d9343e4f608be.rlib" "/opt/rustwide/rustup-home/toolchains/881c1ac408d93bb7adaa3a51dabab9266e82eee8/lib/rustlib/x86_64-unknown-linux-gnu/lib/liblibc-e41c6d24baeb2249.rlib" "/opt/rustwide/rustup-home/toolchains/881c1ac408d93bb7adaa3a51dabab9266e82eee8/lib/rustlib/x86_64-unknown-linux-gnu/lib/liballoc-9849bb0fbad7f0f5.rlib" "/opt/rustwide/rustup-home/toolchains/881c1ac408d93bb7adaa3a51dabab9266e82eee8/lib/rustlib/x86_64-unknown-linux-gnu/lib/librustc_std_workspace_core-a1fd7734706d5518.rlib" "/opt/rustwide/rustup-home/toolchains/881c1ac408d93bb7adaa3a51dabab9266e82eee8/lib/rustlib/x86_64-unknown-linux-gnu/lib/libcore-c8ded1707ad10767.rlib" "-Wl,--end-group" "/opt/rustwide/rustup-home/toolchains/881c1ac408d93bb7adaa3a51dabab9266e82eee8/lib/rustlib/x86_64-unknown-linux-gnu/lib/libcompiler_builtins-8b33f9cbbc9652fe.rlib" "-Wl,-Bdynamic" "-lutil" "-ldl" "-lutil" "-lgcc_s" "-lutil" "-lrt" "-lpthread" "-lm" "-ldl" "-lc"
[INFO] [stdout]   = note: collect2: fatal error: ld terminated with signal 9 [Killed]
[INFO] [stdout]           compilation terminated.
[INFO] [stdout]           
[INFO] [stdout] 
[INFO] [stdout] 
[INFO] [stdout] error: aborting due to previous error
[INFO] [stdout] 
[INFO] [stdout] 
[INFO] [stdout] error: linking with `cc` failed: exit status: 1
[INFO] [stdout]   |
[INFO] [stdout]   = note: "cc" "-m64" "-Wl,--eh-frame-hdr" "-Wl,-znoexecstack" "-Wl,--as-needed" "-L" "/opt/rustwide/rustup-home/toolchains/881c1ac408d93bb7adaa3a51dabab9266e82eee8/lib/rustlib/x86_64-unknown-linux-gnu/lib" "/opt/rustwide/target/debug/examples/const-461144a50ad1399c.const.e9aoapcc-cgu.0.rcgu.o" "/opt/rustwide/target/debug/examples/const-461144a50ad1399c.const.e9aoapcc-cgu.1.rcgu.o" "/opt/rustwide/target/debug/examples/const-461144a50ad1399c.const.e9aoapcc-cgu.2.rcgu.o" "/opt/rustwide/target/debug/examples/const-461144a50ad1399c.const.e9aoapcc-cgu.3.rcgu.o" "/opt/rustwide/target/debug/examples/const-461144a50ad1399c.const.e9aoapcc-cgu.4.rcgu.o" "/opt/rustwide/target/debug/examples/const-461144a50ad1399c.const.e9aoapcc-cgu.5.rcgu.o" "/opt/rustwide/target/debug/examples/const-461144a50ad1399c.const.e9aoapcc-cgu.6.rcgu.o" "-o" "/opt/rustwide/target/debug/examples/const-461144a50ad1399c" "/opt/rustwide/target/debug/examples/const-461144a50ad1399c.218mdbma51fz1quq.rcgu.o" "-Wl,--gc-sections" "-pie" "-Wl,-zrelro" "-Wl,-znow" "-nodefaultlibs" "-L" "/opt/rustwide/target/debug/deps" "-L" "/opt/rustwide/rustup-home/toolchains/881c1ac408d93bb7adaa3a51dabab9266e82eee8/lib/rustlib/x86_64-unknown-linux-gnu/lib" "-Wl,-Bstatic" "/opt/rustwide/target/debug/deps/libhector.rlib" "/opt/rustwide/target/debug/deps/libconsole_error_panic_hook-af56f33c4d992f6a.rlib" "/opt/rustwide/target/debug/deps/libpathfinding-f334c78218dc1bfc.rlib" "/opt/rustwide/target/debug/deps/libfixedbitset-71f2c5ee7f43620d.rlib" "/opt/rustwide/target/debug/deps/libitertools-87bef194b432f1fd.rlib" "/opt/rustwide/target/debug/deps/libeither-7ed71728846acc2d.rlib" "/opt/rustwide/target/debug/deps/libindexmap-7554f775129d0a0f.rlib" "/opt/rustwide/target/debug/deps/libnum_traits-3fb8dddf4a8ddd77.rlib" "/opt/rustwide/target/debug/deps/libregex-40f855512daddcae.rlib" "/opt/rustwide/target/debug/deps/libutf8_ranges-19005a733ec79545.rlib" "/opt/rustwide/target/debug/deps/libregex_syntax-017c259999a32c81.rlib" "/opt/rustwide/target/debug/deps/libucd_util-60248b74ef7374ef.rlib" "/opt/rustwide/target/debug/deps/libthread_local-79467375a3998bbe.rlib" "/opt/rustwide/target/debug/deps/libaho_corasick-61715aa79e62786c.rlib" "/opt/rustwide/target/debug/deps/libmemchr-ebf76c201dfb6dd9.rlib" "/opt/rustwide/target/debug/deps/liblalrpop_util-bc968346e92c1c67.rlib" "/opt/rustwide/target/debug/deps/libwasm_bindgen-2423f111b3ba124f.rlib" "/opt/rustwide/target/debug/deps/libserde_json-6425b41e8cec00c3.rlib" "/opt/rustwide/target/debug/deps/libryu-4800338ae083806a.rlib" "/opt/rustwide/target/debug/deps/libitoa-41a628b5753c6512.rlib" "/opt/rustwide/target/debug/deps/liblazy_static-ff2d4c059a61c830.rlib" "/opt/rustwide/target/debug/deps/libwasmprinter-4f8faa1d81df67cf.rlib" "/opt/rustwide/target/debug/deps/libwasmparser-5aafc9867d152df6.rlib" "/opt/rustwide/target/debug/deps/libanyhow-605b25c30fb51eb5.rlib" "/opt/rustwide/target/debug/deps/libparity_wasm-be87617a9bcb469d.rlib" "/opt/rustwide/target/debug/deps/libuuid-9575705c039388b5.rlib" "/opt/rustwide/target/debug/deps/librand-2d3611376ef2a45c.rlib" "/opt/rustwide/target/debug/deps/librand_chacha-1daf0f426f06cf63.rlib" "/opt/rustwide/target/debug/deps/libppv_lite86-b3fed04289ecdc38.rlib" "/opt/rustwide/target/debug/deps/librand_core-f982d4dbe3eb03a1.rlib" "/opt/rustwide/target/debug/deps/libgetrandom-598475474991b399.rlib" "/opt/rustwide/target/debug/deps/liblibc-e3098597c95e6155.rlib" "/opt/rustwide/target/debug/deps/libcfg_if-624775febb963c4d.rlib" "/opt/rustwide/target/debug/deps/libsnowflake-52a6e78e8158adcc.rlib" "/opt/rustwide/target/debug/deps/libserde-4f15d688ea73dd12.rlib" "-Wl,--start-group" "/opt/rustwide/rustup-home/toolchains/881c1ac408d93bb7adaa3a51dabab9266e82eee8/lib/rustlib/x86_64-unknown-linux-gnu/lib/libstd-c6dddd3d354e6bea.rlib" "/opt/rustwide/rustup-home/toolchains/881c1ac408d93bb7adaa3a51dabab9266e82eee8/lib/rustlib/x86_64-unknown-linux-gnu/lib/libpanic_unwind-c2ca47afdcc5e309.rlib" "/opt/rustwide/rustup-home/toolchains/881c1ac408d93bb7adaa3a51dabab9266e82eee8/lib/rustlib/x86_64-unknown-linux-gnu/lib/libminiz_oxide-b47be2942017e108.rlib" "/opt/rustwide/rustup-home/toolchains/881c1ac408d93bb7adaa3a51dabab9266e82eee8/lib/rustlib/x86_64-unknown-linux-gnu/lib/libadler-20a1e49116ab0df9.rlib" "/opt/rustwide/rustup-home/toolchains/881c1ac408d93bb7adaa3a51dabab9266e82eee8/lib/rustlib/x86_64-unknown-linux-gnu/lib/libobject-25e09d9868291683.rlib" "/opt/rustwide/rustup-home/toolchains/881c1ac408d93bb7adaa3a51dabab9266e82eee8/lib/rustlib/x86_64-unknown-linux-gnu/lib/libaddr2line-9c99fb6e5ca5159e.rlib" "/opt/rustwide/rustup-home/toolchains/881c1ac408d93bb7adaa3a51dabab9266e82eee8/lib/rustlib/x86_64-unknown-linux-gnu/lib/libgimli-85040d7563599960.rlib" "/opt/rustwide/rustup-home/toolchains/881c1ac408d93bb7adaa3a51dabab9266e82eee8/lib/rustlib/x86_64-unknown-linux-gnu/lib/libstd_detect-0e4f7587da8acf20.rlib" "/opt/rustwide/rustup-home/toolchains/881c1ac408d93bb7adaa3a51dabab9266e82eee8/lib/rustlib/x86_64-unknown-linux-gnu/lib/librustc_demangle-7be0a6711ed15b5c.rlib" "/opt/rustwide/rustup-home/toolchains/881c1ac408d93bb7adaa3a51dabab9266e82eee8/lib/rustlib/x86_64-unknown-linux-gnu/lib/libhashbrown-00672fabc4ff9c9d.rlib" "/opt/rustwide/rustup-home/toolchains/881c1ac408d93bb7adaa3a51dabab9266e82eee8/lib/rustlib/x86_64-unknown-linux-gnu/lib/librustc_std_workspace_alloc-72fe231ef0473d15.rlib" "/opt/rustwide/rustup-home/toolchains/881c1ac408d93bb7adaa3a51dabab9266e82eee8/lib/rustlib/x86_64-unknown-linux-gnu/lib/libunwind-019d54ecc304b655.rlib" "/opt/rustwide/rustup-home/toolchains/881c1ac408d93bb7adaa3a51dabab9266e82eee8/lib/rustlib/x86_64-unknown-linux-gnu/lib/libcfg_if-cc7d9343e4f608be.rlib" "/opt/rustwide/rustup-home/toolchains/881c1ac408d93bb7adaa3a51dabab9266e82eee8/lib/rustlib/x86_64-unknown-linux-gnu/lib/liblibc-e41c6d24baeb2249.rlib" "/opt/rustwide/rustup-home/toolchains/881c1ac408d93bb7adaa3a51dabab9266e82eee8/lib/rustlib/x86_64-unknown-linux-gnu/lib/liballoc-9849bb0fbad7f0f5.rlib" "/opt/rustwide/rustup-home/toolchains/881c1ac408d93bb7adaa3a51dabab9266e82eee8/lib/rustlib/x86_64-unknown-linux-gnu/lib/librustc_std_workspace_core-a1fd7734706d5518.rlib" "/opt/rustwide/rustup-home/toolchains/881c1ac408d93bb7adaa3a51dabab9266e82eee8/lib/rustlib/x86_64-unknown-linux-gnu/lib/libcore-c8ded1707ad10767.rlib" "-Wl,--end-group" "/opt/rustwide/rustup-home/toolchains/881c1ac408d93bb7adaa3a51dabab9266e82eee8/lib/rustlib/x86_64-unknown-linux-gnu/lib/libcompiler_builtins-8b33f9cbbc9652fe.rlib" "-Wl,-Bdynamic" "-lutil" "-ldl" "-lutil" "-lgcc_s" "-lutil" "-lrt" "-lpthread" "-lm" "-ldl" "-lc"
[INFO] [stdout]   = note: collect2: fatal error: ld terminated with signal 9 [Killed]
[INFO] [stdout]           compilation terminated.
[INFO] [stdout]           
[INFO] [stdout] 
[INFO] [stdout] 
[INFO] [stdout] error: aborting due to previous error
[INFO] [stdout] 
[INFO] [stdout] 
[INFO] [stderr] error: build failed
[INFO] running `Command { std: "docker" "inspect" "6a6d417d39052eb7cc9782ffa90260f18cdbbc4ed68048da31f327a96745d1be", kill_on_drop: false }`
[INFO] running `Command { std: "docker" "rm" "-f" "6a6d417d39052eb7cc9782ffa90260f18cdbbc4ed68048da31f327a96745d1be", kill_on_drop: false }`
[INFO] [stdout] 6a6d417d39052eb7cc9782ffa90260f18cdbbc4ed68048da31f327a96745d1be
